5. List the prime factors of p.
2, 3
Suppose 15*k - 855 = -3*k + 765. What are the prime factors of k?
2, 3, 5
Let q(r) be the first derivative of -r**3/3 + 13*r**2/2 + 3*r + 26. Let s = 24 - 14. What are the prime factors of q(s)?
3, 11
Suppose 15*u = -34 - 116. Let d be (-68)/(-20) - (-4)/u. Suppose -3 = -4*g + 4*r + 641, 0 = -d*r + 15. List the prime factors of g.
2, 83
Let j = 30 + -26. Suppose -2*l + j*l - 388 = 0. Let k = l - 136. List the prime factors of k.
2, 29
Let o(p) = 2*p**3 + 135*p**2 + 616*p - 126. What are the prime factors of o(-62)?
2, 3, 661
Let c = -480 - -476. List the prime factors of (6/c)/(1/(-366)).
3, 61
Let i = -38 - -42. Suppose 0 = -q - 2*j + 16, -i*j - j - 2 = -q. Let k(w) = -w**3 + 12*w**2 + 7*w + 7. List the prime factors of k(q).
7, 13
Let f = -34891 + 76792. What are the prime factors of f?
3, 13967
Let k(r) = 43*r**3 - 2*r**2 + 9*r - 23. Let m be k(3). Suppose -3*y = 4*l - m, -4*y + 0*l = -l - 1523. List the prime factors of y.
3, 127
Let r = -4258 - -6654. Let x = r + -1407. What are the prime factors of x?
23, 43
Suppose 18*j - 14562 = 5970 + 13272. List the prime factors of j.
2, 3, 313
Let i(f) = -f - 5. Let o = 7 + -16. Let m be i(o). Suppose -3*v = 3*s - 51, 12 + 47 = m*s - 5*v. What are the prime factors of s?
2
Suppose -6*m + 9*m = 993. Suppose m + 67 = 2*o. List the prime factors of o.
199
Suppose -5*a + 3*a = 5*i - 391, -2*i - 634 = -3*a. Suppose a*y - 205*y = 78. What are the prime factors of y?
2, 13
Suppose -2 = r + b, 5*r - 3*b - 1 = -51. What are the prime factors of 24*r/2*150/(-70)?
2, 3, 5
Let b(s) = -2300*s**3 - 17*s**2 - 13*s - 27. List the prime factors of b(-3).
3, 19, 1087
Suppose -3*s + 140 + 85 = -3*y, 387 = -5*y - s. What are the prime factors of 6/14 - 33154/y?
431
Let y(h) = 8*h**2 + 1. Suppose 3*k - 7 = -2*n - 21, 2*k + 5*n = -24. Let x be y(k). Let s = x + -26. List the prime factors of s.
7
Let d = 53 - 50. Suppose -6*y = -y + d*c - 768, -y - 2*c = -148. What are the prime factors of y?
2, 3, 13
Let c be (12/(-15))/(1/(15/(-6))). Let w be (c/14 - 22/7) + 177. Suppose -2*o = -3*o - l + 87, -2*o + l + w = 0. List the prime factors of o.
3, 29
Let l be (-8)/(-36) - (-4 + 2296/(-36)). Let g = 420 + 3124. What are the prime factors of g/68 - 8/l?
2, 13
Let n = -23349 - -40815. What are the prime factors of n?
2, 3, 41, 71
Let o = 642 - -23. Suppose o = 2*k - 105. What are the prime factors of k?
5, 7, 11
Let q(d) = -1575*d - 31. Let b(g) = 1574*g + 29. Let z(y) = -4*b(y) - 3*q(y). What are the prime factors of z(-1)?
2, 3, 43
Let c(n) = -n**2 - 5*n - 1. Let t be c(-2). Let k be ((-5)/(-4))/t - 27/(-4). List the prime factors of (-5)/(2 - k) - -61.
2, 31
What are the prime factors of (53024/40 + -6)*(-25)/(-10)?
3299
Let y(v) = 103*v + 5404. What are the prime factors of y(6)?
2, 3011
Suppose -3*l + 126*z - 121*z + 18536 = 0, 4*l + 12*z - 24640 = 0. List the prime factors of l.
2, 1543
List the prime factors of (11 + -460)*(-12 + 7).
5, 449
Let o(x) = x**2 - 10*x + 18. Let d be o(9). Suppose 2*w + w - 3*z = d, 2*w + z = 12. What are the prime factors of 1*-1*(w - 375)/5?
2, 37
Suppose 0 = 3*d + 4*m - 13443, 5*d - 2*m - 25659 = -3254. What are the prime factors of d?
4481
Let m be 7/3 + (-3)/9. List the prime factors of -1 - (-375 - m - -4).
2, 3, 31
Let c be 13/(-3) - (-120)/90 - -8. Suppose 776 = c*f - f - s, 0 = -4*f + 5*s + 760. What are the prime factors of f?
3, 5, 13
Let z(d) be the first derivative of 44 - 4*d - 47/2*d**2. List the prime factors of z(-2).
2, 3, 5
Let w = -42119 - -68887. List the prime factors of w.
2, 7, 239
Suppose 5*x = y - 5533, -2*x - 41 + 39 = 0. List the prime factors of y.
2, 691
Let g(v) = 2*v**2 - v - 235. Let o(r) = -3*r**2 + 2*r + 471. Let x(u) = -5*g(u) - 3*o(u). Let k be x(0). Let p = k - -355. What are the prime factors of p?
3, 13
Let j(p) = -7*p + 6. Let u be j(3). Let v(s) = -s**2 - 14*s + 24. Let y be v(u). List the prime factors of (-336)/18*y/(-6).
2, 7
Let m(s) be the third derivative of 1/60*s**5 + 1/3*s**3 - 9*s**2 + 0*s + 0 - 7/24*s**4. What are the prime factors of m(7)?
2
Suppose -193*f + 215*f = 206*f - 2852552. List the prime factors of f.
37, 419
Suppose 22*c - 3*a - 231690 = 19*c, -a = 6. List the prime factors of c.
2, 7, 197
Let z(h) = h**3 + 10*h**2. Let t be z(-10). What are the prime factors of 220 + t/(-1 + 5)?
2, 5, 11
Suppose 16 = 5*g + p, -4*g + 2*g - 3*p = 4. Suppose 2*w - g*w = -640. Let m = w + -207. List the prime factors of m.
113
Let j(n) = 22*n**3 + 8*n**2 - 21*n + 27. What are the prime factors of j(6)?
3, 61
Let w = -5773 + 10407. List the prime factors of w.
2, 7, 331
Let h(k) = 16*k + 33. Let n be h(-3). Let g(z) = -47*z - 149. List the prime factors of g(n).
2, 139
Suppose -7*v - 246 - 167 = 0. Let w = -58 - v. What are the prime factors of (4 - 3)*(-405)/(-5) - w?
2, 5
Let u(k) = k**2 - k + 27. Let c(p) = -5*p + 44. Let m be c(8). Suppose -4*v + 4*o = -v - 47, m*v - 41 = o. List the prime factors of u(v).
3, 11
Let l(j) = -9*j**2 - 12*j + 7. Let o be l(3). Let g = 217 - o. What are the prime factors of g?
3, 109
Let k(c) = c**3 + 15*c**2 + 3*c + 50. Let q be k(-15). Suppose -161 + 165 = -f, q*t - 3*f = 3377. List the prime factors of t.
673
Let s(t) = -6*t + 624. Let y be (1 - 1)*(-14)/(-42). Let x be s(y). Suppose 2*r + 4*r - x = 0. What are the prime factors of r?
2, 13
Let v = -689 - -691. Suppose -v*w + 117 = -47. What are the prime factors of w?
2, 41
Let m = -9017 + 16739. What are the prime factors of m?
2, 3, 11, 13
Let t be -1 + -1 - 22/22. List the prime factors of (72/60)/(t/(-340)).
2, 17
What are the prime factors of (-25)/(-9) - 4/(-72)*4 - -4191?
2, 3, 233
Let d be (-57)/38*(-4)/(-6). Let f be 3 + (d - 2) - -7. Suppose 0 = -s - 2*l + f, 6*s = 2*s + 2*l + 28. List the prime factors of s.
7
Let s be ((-136)/6)/((-21)/819). Suppose -2*x - 6*x = 5*x. Suppose -4*l = 3*t - t - 884, -4*l + 4*t + s = x. List the prime factors of l.
13, 17
Let r(w) = -w**3 + 6*w**2 + 7*w + 2. Let l be r(7). Suppose -5*j = -3*s - 37, -l*s + 3*s - 25 = -3*j. What are the prime factors of 147/2*(0 + j/6)?
2, 7
Suppose 0 = 5*l - 547 + 97. Let v = l + -52. Let c = v - 32. List the prime factors of c.
2, 3
Suppose -3*j - 2*j = -27190. List the prime factors of j.
2, 2719
Let h(c) = c**2 - 11*c + 16. Let s be h(11). What are the prime factors of (s/(-5))/(11/(-1265))?
2, 23
Let c(j) = -j**2 + 5*j + 3060. Let r be c(0). Let q be (-1 + 1/5)/((-136)/r). Suppose 13*w - q*w = -850. List the prime factors of w.
2, 5, 17
Suppose -2*k - 280212 = 3*k - h, 0 = k + 2*h + 56049. List the prime factors of 6/(-45) + k/(-135).
5, 83
Suppose 66 = a - 364. Let d = a - 347. List the prime factors of d.
83
Let q = 31 - 28. Suppose -4*w + 3*d + 22 = 0, 5*d - d + 13 = q*w. List the prime factors of ((-142)/w - 2)/((-6)/63).
2, 3, 13
What are the prime factors of 60/(-24) + 1*3 + (-23390)/(-20)?
2, 3, 5, 13
Suppose -209*p - 55 = -198*p. Let z(m) = -183*m - 157. List the prime factors of z(p).
2, 379
Let b(j) = j - 65. Let i(m) = 5*m - 261. Let h(o) = -9*b(o) + 2*i(o). Let q be h(0). Let l = q - 38. List the prime factors of l.
5
Suppose 3*z = -b + 31524, 0 = -25*b + 21*b - 2*z + 126056. List the prime factors of b.
2, 3, 13, 101
Suppose -5*j + 55019 = -4*f, -5*f + 33004 = 3*j - 0*f. What are the prime factors of j?
11003
Let r(x) be the first derivative of -13/2*x**2 + 29*x - 22. What are the prime factors of r(-8)?
7, 19
Suppose 323550 = -20*h + 95*h. List the prime factors of h.
2, 3, 719
Suppose -2*k + 0*k - 4*l = 8, -k + l = -8. Suppose 20 = -k*m, -j + 5*j + 13 = -5*m. Suppose j*x - 5*p = 120 + 248, 0 = -4*p + 8. List the prime factors of x.
2, 3, 7
Suppose 4*a = -16, 5*r + 8*a = 15833 + 10790. What are the prime factors of r?
3, 1777
Suppose -4*t - 5*l + 377 = 0, 5*l - 296 + 17 = -3*t. List the prime factors of t.
2, 7
Suppose -k - 2*n = -1002, 0 = 4*k - 2*n - 1048 - 2970. Suppose 5*v = 4819 - k. What are the prime factors of v?
7, 109
List the prime factors of 39/(4/(15496/39)).
2, 13, 149
Suppose 191 = -14*o + 219. Suppose -f = -o*f + 1177. What are the prime factors of f?
11, 107
Suppose 2*i - 49520 = 4*z, 16*i - 5*z - 99064 = 12*i. What are the prime factors of i?
2, 19, 163
List the prime factors of ((-6)/5)/(12010621/307965 - 39).
